 value of 4 - ((-2 - 7) + 27)?
-14
What is the value of 4 - (-2 + 9 + -19)?
16
What is -19 + 5 - -8 - (-4 + -3) - -1?
2
What is -6 + (4 - (-13 - -18)) + -10?
-17
16 + -3 + 12 + (-5 - -2)
22
Calculate 7 + 0 + (-14 - (-36 + 34)).
-5
-6 - (2 + -2 + -15 + (-7 - -12))
4
What is the value of 19 + 11 + (20 - 36)?
14
Evaluate (-8 - 0) + (22 - 26) + 4.
-8
Calculate (10 - 22 - 7 - -6) + 47.
34
6 - (17 + (-7 - 8))
4
What is the value of -7 - (2 + -5) - (-16 + 9)?
3
What is 17 + -23 + 12 - -11 - 16?
1
Calculate -36 - -42 - (-6 + 0 + 4 - -4).
4
What is -8 - (2 + 12 + -8)?
-14
Evaluate -20 + (20 - (-16 - 8)).
24
Evaluate (-20 - 2) + (-148 - -191).
21
What is the value of 6 + -13 + 1 - -12?
6
Calculate -11 + (2 - (4 + 0 + 21 + -15)).
-19
Calculate -19 + 15 + -15 + 6.
-13
What is -521 + 521 - (5 - (1 + 1) - 1)?
-2
What is 4 - 26 - (-13 - 0)?
-9
What is (1 - 5) + (-1 - -10 - (-57 + 61))?
1
(-2 - 2) + 3 - -11
10
What is the value of 4 + -1 - (3 + -11 + (15 - 3))?
-1
Evaluate -2 - (-5 + 19 + -20 + 18).
-14
What is the value of 22 - (-5 - -21) - (-1 - 11)?
18
Evaluate (6 - (7 + 2) - (-2 + 1)) + 2.
0
What is 0 - (19 - 0) - -10?
-9
8 + (-24 - -9) + (5 - -7)
5
What is the value of -9 - (6 - ((8 - -9 - -11) + -3))?
10
What is -12 + (12 + 4 - 4)?
0
-11 + 11 - -8 - 29
-21
Evaluate -39 + 38 + 14 + -8 + 0 + -1.
4
What is the value of -14 + (2 - -1 - 0)?
-11
What is the value of (5 - 8) + (-1 - -6) - (11 + -13)?
4
-1 - 0 - (-21 - -28 - (9 + 11))
12
What is (38 + -19 - 7) + (-4 - 0) - -12?
20
What is the value of -799 + 801 - (-9 + -1)?
12
What is -21 + 29 + (-8 - -21)?
21
Evaluate (3 - (-2 - (-3 + 5))) + -10.
-3
14 + -41 - -11 - -21
5
Calculate 27 + (-30 - -21) + -26.
-8
What is -25 + (-2 + -4 - (32 - 42))?
-21
Evaluate (-8 - -9 - -5) + (-1 - 0).
5
Evaluate (15 - 8) + -7 - (2 + -2 + -11).
11
15 - 10 - (-4 + 2)
7
Calculate -12 - (-4 - -1) - (-12 - (-21 + 10)).
-8
Evaluate (-1 + 2 - -5) + (15 + 12 - 18).
15
14 + -17 + 15 + -18
-6
Evaluate 6 - (0 + 0) - (-150 + 146).
10
What is (6 - ((20 - (1 + 5)) + 6)) + -9?
-23
What is -1 + (-3 - (-4 + 7)) - -3?
-4
What is 7 + (-24 - (-13 + 8 + 11))?
-23
(-2 - 0 - 1) + 2
-1
Calculate 0 + 2 - (19 + -25 + 14).
-6
Calculate 6 - ((1 - 3) + 18 + -17 - 6).
13
43 - (-5 + 9 + 7)
32
16 + -11 + 7 + -8
4
Calculate -41 + (63 - -1) + (1 - (-5 - 2)).
31
What is the value of 2 + (-5 - 17) + 35?
15
Calculate (-3 + -15 - (5 + -14)) + 8 + 6.
5
What is the value of (4 - (-2 + 5)) + (3 - 1)?
3
Calculate -6 + -3 + -1 - -16.
6
Calculate 9 + 4 + -20 + 1.
-6
What is the value of -16 - -4 - (-3 - -3)?
-12
Evaluate 11 - (14 - (-2 + 5)) - 8.
-8
What is the value of -32 - -35 - (-2 + -4 + 1 - -4)?
4
What is the value of -251 + 275 + (-22 - 0)?
2
What is the value of (-4 - 2) + (13 + -7 - -3)?
3
Evaluate 22 + (-6 - 17) + 9 + -1 - 21.
-14
Calculate -2 + -19 - (25 + -50).
4
(-6 + 3 - -8) + (4 - (-3 + 4))
8
Calculate -2 + 35 - (-2 - (-6 - 13)).
16
Evaluate (2 - -15) + (-7 - (-20 - -17)).
13
What is 0 + -1 + -9 - 3?
-13
What is (10 - (1 + -1) - (-248 - -266)) + -9?
-17
What is 89 - 84 - (-6 - 4)?
15
(-9 - -21) + -1 - (11 - 0)
0
What is the value of 1 + 14 + (-19 - (-31 + 54))?
-27
(-7 - -1) + -6 + (-17 - -21 - 9)
-17
Evaluate -8 + 40 + -24 + -9.
-1
Calculate (-5 - (7 + -9)) + 8 - -5.
10
What is (5 + -14 - 3) + 21?
9
What is the value of (-16 - -6) + -6 + (8 - -6)?
-2
What is the value of -8 - ((1 - 1) + -4 + -7 + 4)?
-1
Evaluate 18 - (35 + -46 - (-1 - 20)).
8
-2 + -1 - (3 - 4) - 4
-6
What is the value of -14 - (-1 + -9 + 17 - 3 - 5)?
-13
Calculate 1 + (9 - (7 + -3)).
6
What is the value of 7 - (-113 + 118 + -13 + (1 - -2))?
12
Calculate (11 + -11 - (3 - 3)) + -21.
-21
Evaluate (3 - 17) + (5 - (-4 - -7)) + 3.
-9
What is -12 + (14 - (5 - (-10 + 19)))?
6
Evaluate (13 - -2) + 2 + -54 + 7.
-30
Evaluate -2363 + 2419 + (-28 - 0).
28
What is 2 - (12 + 1 + (-20 - (13 + -28)))?
-6
Calculate (2 - -2) + -20 + 4 + 5.
-7
What is -10 - -11 - -4 - (21 + -1 - 2)?
-13
What is 2 + 3 + (-1 - (-1 - 16 - -7))?
14
Calculate -10 - -1 - (2 + (-9 - -1) + 4).
-7
-20 + (-15 - -5 - -17)
-13
-1 + 10 - (12 + 44 - 28)
-19
What is the value of 14 + (-3 - -11) + -8?
14
What is 6 + (22 - 19 - (-4 - -2))?
11
-42 + (10 - 26) - -32
-26
What is -26 + 51 + -9 + -43?
-27
Evaluate (22 + 3 - 5) + -11.
9
-10 + 10 + -8 + 15 - 2
5
Evaluate 605 + -621 - ((-1 - 3) + -2).
-10
Evaluate (-1 - -18) + 19 + -20 - (-9 - 0).
25
Evaluate -6 + (2 - -5) - (6 + -6 + -2).
3
3 + 7 + 1 + -14 + 8
5
What is 0 + -45 + 31 + 7?
-7
Evaluate 26 + (-2 - 2 - -1) + 46 + -52.
17
Calculate 6 + 2 + -1 - 0 - (13 - 10).
4
What is -29 - (17 - 50) - 22?
-18
What is 3 + -9 + -3 - (-7 + -6)?
4
Calculate 34 - ((10 + 13 - 11) + 0).
22
Calculate (1 - -14) + -187 + 181.
9
What is 27 + -8 + 3 + -11?
11
What is (8 - 1) + (-4 + -15 - 0)?
-12
What is 22 + (21 - -6) - 37?
12
-110 + 114 + (16 - 0)
20
Calculate 13 + 0 + -1 + -3 + 4 + -2.
11
Calculate 2 + 9 - (206 - 208).
13
What is (-52 - -21) + 29 + -18 + (2 - 4)?
-22
What is the value of (0 + 0 - 6) + (100 - (134 - 51))?
11
0 + 2 - (23 - 0)
-21
Evaluate 20 + (-18 - 13 - -15).
4
What is the value of 12 + (11 - 52) + (3 - -4)?
-22
What is the value of 2 + (-2 - 1 - -2)?
1
-2 - -1 - -6 - (-8 - 24 - -46)
-9
Calculate (46 - (102 + -43)) + (24 - -1).
12
Calculate -1 + 9 + -8 + 12 - 1.
11
What is (-5 - (17 + -5)) + 0 - -2?
-15
What is 9 + (18 - 39) + (5 - 0)?
-7
What is the value of 18 + (-13 - 5) + 9 + -2 - -9?
16
Calculate 8 + (5 - -3 - 15 - 12).
-11
Calculate (-1 - 4) + -6 + (26 - 7) + -2.
6
What is the value of (1 - -17) + -9 + 25 + -21?
13
1 + -6 + -13 + 3
-15
-4 - (16 + -23) - (2 - (-19 + 3))
-15
(2 - -3) + 1 + 13 + -2
17
11 + (1 - -8) + 3
23
Calculate 1 + -1 + 3 + 1 + (0 - -2).
6
Calculate -7 + 9 - (10 + (-10 - -2)).
0
-3 + (1 - -3) - (60 + -60)
1
Evaluate 1 + (-7 - (-1 - -8)) + 4 + 13.
4
What is the value of 5 + (29 + -23 - (3 - (2 - 12)))?
-2
Evaluate 7 + (6 - 10) - (-2 + -1).
6
Evaluate -15 + 14 - (0 - (-4 - -1) - 0).
-4
(-1 - (-4 + 3 + 8)) + 12 + -21
-17
What is 1324 + -1295 - (16 - -1)?
12
Calculate -14 - 1 - (-10 - ((5 - 0) + -10)).
-10
What is the value of 5 + (11 - (-2 + 6))?
12
What is the value of -32 + (23 - 20) + 8?
-21
Calculate 3 + (-61 - -52) + (4 + 3 - 3).
-2
What is (-304 - -322) + -1 + -12?
5
Evaluate (-3 - -3) + 19 - (13 - (3 + 2)).
11
What is 5 - -1 - (-181 + 178)?
9
What is 5 + -19 + (19 - 34)?
-29
Evaluate -22 + (-1 - -8) + 5 + (0 - -1).
-9
What is the value of 15 + (-16 + 15 - (1 + 7))?
6
Calculate 13 - (27 + 3 - 16).
-1
0 + -2 + -28 + 34 + (-3 - 3)
-2
What is the value of (-7 - -2) + (-64 - -73)?
4
What is 4 + -9 - (2 - 5) - (-5 - -5)?
-2
What is the value of 1 - ((-20 - -6) + 5) - 3?
7
Calculate 5 + (5 - 4) + 0 + 3 + 1.
10
37 + 2 - (-56 - -90)
5
What is 8 + 4 - 5 - (9 + 3 + -8)?
3
What is the value of (-138 - -135) + (1 - -4) + (3 - 3)?
2
Evaluate -20 + 0 + 40 + -18.
2
What is the value of 12 + 5 + 14 + -14?
17
Calculate -35 + -21 + 21 + 39.
4
What is the value of -40 - (-81 + 21 + 26)?
-6
What is 13 - (-12 + 3 - -9)?
13
Evaluate (4 - (10 + -19 + 12)) + -18.
-17
What is (-8 - -8 - 12) + (-10 - (3 - 2))?
-23
What is 7 - 34 - (39 - 60)?
-6
What is the value of 16 + -8 - (-4 + 9 - 3 - -5)?
1
What is the value of 4 + (-1 - -13) + (-13 - -13 - 2)?
14
What is (-10 - (-11 + 8)) + 5 + -21 - 1?
-24
What is 2 + -16 - (44 + -65)?
7
What is 21 + -66 + 13 + 57?
25
What is the value of (0 + -10 - (14 - (-10 + 27))) + -1?
-8
What is the value of 10 + -1 - (-15 - -9 - (-12 + -4))?
-1
Calculate -153 + 138 - ((1 - 26) + -1).
11
Evaluate 4 - (7 - 2) - (94 - 77).
-18
What is (31 - -4) + -35 - (32 + -1 + 1)?
-32
What is 9561 + -9572 + -1 + 5 + -1?
-8
Evaluate 25 + (44 - 9 - 63).
-3
Calculate 18 - (1 - (-10 + 3 + 0)).
10
Calculate 41 + (-18 - -6 - -8) + -8 + 10.
39
Evaluate (0 - 4) + -3 + (3 - 2 - -12).
6
1 + -31 + -1263 + 1275
-18
What is -22 - (-41 - -12) - (0 - 7)?
14
(2 - -2) + (29 - -11 - 45)
-1
What is -2 + 14 + (-43 - -40) - (2 + 17)?
-10
What is the value of (13 + -2 - (19 + -39 + 32)) + -27?
-28
Evaluate -2 - ((0 + 10 - 1) + (3 - 17)).
3
What is the value of -43 + 17 + (16 - 4)?
-14
Evaluate (-18 - -2) + (13 - 6).
-9
9 + -9 + 3 + -1
2
Evaluate -48 + 67 + -28 + (29 - (-2 - -1)).
21
What is the value of -33 + (46 - 16) - (0 + 1)?
-4
Calculate (29 - 23) + 14 + -26.
-6
Calculate 1 - (15 - 17) - (-